ase 3, what is 12200 + -12?
12111
In base 13, what is 41 + -2?
3c
In base 7, what is 2205 + -52?
2123
In base 6, what is -3530 - 2?
-3532
In base 10, what is 752 - 1?
751
In base 8, what is 3 - -621?
624
In base 10, what is 1 + 7?
8
In base 7, what is 101 + 1?
102
In base 2, what is 1110 - 1101?
1
In base 7, what is 16362 - -4?
16366
In base 11, what is 4 + 1126?
112a
In base 8, what is -25 - -17?
-6
In base 6, what is -42 + -22?
-104
In base 6, what is -1403 - 2?
-1405
In base 7, what is -145 - 26?
-204
In base 15, what is 1 - -114b?
114c
In base 10, what is -4 - 89?
-93
In base 12, what is 48 - -2?
4a
In base 4, what is 2 - -11?
13
In base 2, what is -101 + -11110100111?
-11110101100
In base 16, what is 131 - -4?
135
In base 5, what is -13440 - 2?
-13442
In base 6, what is 2 - -23?
25
In base 14, what is 1 + -153?
-152
In base 2, what is -100 - 101011001?
-101011101
In base 10, what is -157 + 10?
-147
In base 16, what is -4 + -11?
-15
In base 14, what is -1c8 + -2?
-1ca
In base 14, what is 12 + -7?
9
In base 9, what is -68 - -1?
-67
In base 2, what is 1011110111 + 1?
1011111000
In base 13, what is -aa - -3?
-a7
In base 2, what is -10100011 - -11?
-10100000
In base 14, what is -2c - -9?
-23
In base 5, what is -130 - -1342?
1212
In base 6, what is 20101 - 4?
20053
In base 11, what is 215 + 5?
21a
In base 2, what is 0 - -111111101101?
111111101101
In base 7, what is 4 + 10?
14
In base 5, what is 2 + -2031?
-2024
In base 10, what is 3 - -681?
684
In base 10, what is 1 + 73?
74
In base 12, what is 1a0 + -43?
159
In base 6, what is 401 - 53?
304
In base 10, what is -20 - 30?
-50
In base 10, what is -1 + -50?
-51
In base 12, what is -13 - -26?
13
In base 9, what is -25 - -37?
12
In base 15, what is 5b - -4?
60
In base 4, what is 332 + 2?
1000
In base 15, what is -69 - -5?
-64
In base 13, what is -328 + 0?
-328
In base 11, what is -29 + 110?
92
In base 8, what is -262 + 40?
-222
In base 14, what is 619 - 3?
616
In base 12, what is 0 + -26b6?
-26b6
In base 11, what is 11 + 11?
22
In base 5, what is -2 + -24?
-31
In base 10, what is -638 - 37?
-675
In base 7, what is -5 + 1626?
1621
In base 7, what is 16444 + 1?
16445
In base 13, what is 4b83 - -5?
4b88
In base 7, what is 202 - -2?
204
In base 16, what is 1c2 - -1?
1c3
In base 16, what is 1 - -26?
27
In base 14, what is 7 - 57?
-50
In base 15, what is -295 - -1?
-294
In base 14, what is -1 + -79?
-7a
In base 3, what is -1021 + 0?
-1021
In base 16, what is -8 - 2d?
-35
In base 3, what is -10 - -21221?
21211
In base 16, what is -46 + 35?
-11
In base 16, what is -a54 + 4?
-a50
In base 4, what is -200 - -313?
113
In base 13, what is -77c - -a?
-772
In base 6, what is -220 - -13?
-203
In base 6, what is -3303 - 10?
-3313
In base 9, what is 3 + -68?
-65
In base 13, what is 2 + 48?
4a
In base 10, what is -399 + 7?
-392
In base 3, what is 220 - -1201?
2121
In base 13, what is 3 + -16?
-13
In base 6, what is -3 + -453?
-500
In base 2, what is 1 - -10?
11
In base 11, what is -3 - 38?
-40
In base 3, what is 12022112 - -11?
12022200
In base 12, what is 3 - 18b2?
-18ab
In base 13, what is -3 + 22b?
228
In base 3, what is -112 - 210001?
-210120
In base 3, what is -122 + 112?
-10
In base 16, what is -2 + -29?
-2b
In base 5, what is 10 + -203?
-143
In base 11, what is -5 + -37?
-41
In base 9, what is -10 + -4?
-14
In base 5, what is -4001 + -4?
-4010
In base 9, what is 1 - -287?
288
In base 2, what is 111 - 110000110?
-101111111
In base 15, what is 35 + 26?
5b
In base 3, what is 11 + -222021?
-222010
In base 7, what is -1025 + 0?
-1025
In base 9, what is -42 + -3?
-45
In base 13, what is 68 - 43?
25
In base 2, what is 100000 - -101101?
1001101
In base 5, what is 333 - 10?
323
In base 15, what is -3 - 73?
-76
In base 4, what is -22313 + 11?
-22302
In base 6, what is 31103 + 0?
31103
In base 11, what is -1 - -203?
202
In base 13, what is -5 + -bc?
-c4
In base 9, what is 1 + 351?
352
In base 2, what is -110101 - -101100110?
100110001
In base 14, what is -1005 - 1?
-1006
In base 8, what is 2441 + -2?
2437
In base 6, what is -23503 - 0?
-23503
In base 14, what is 92 - -78?
12a
In base 15, what is -2 + 84b?
849
In base 3, what is 12 + 211?
1000
In base 6, what is 33 + -20?
13
In base 12, what is 770 + 4?
774
In base 11, what is -1 + -273?
-274
In base 5, what is -3012 - 3?
-3020
In base 10, what is 25 + 1?
26
In base 14, what is -938 + 9?
-92d
In base 13, what is -4 + -b4b?
-b52
In base 7, what is 3 + 2662?
2665
In base 11, what is 3 - -3?
6
In base 7, what is 0 + -232?
-232
In base 4, what is 1 + 1021?
1022
In base 15, what is -12e + 1?
-12d
In base 3, what is -110 - -1002?
122
In base 6, what is -115 + -1?
-120
In base 2, what is 1011100100 + -1?
1011100011
In base 6, what is 331 + 10?
341
In base 13, what is -6c + -2?
-71
In base 11, what is 308 - -5?
312
In base 13, what is 18c + 4?
193
In base 12, what is 8 + -1?
7
In base 9, what is -1334 + -4?
-1338
In base 16, what is 2d + -1?
2c
In base 4, what is -201 + -3131?
-3332
In base 13, what is -29 - 3?
-2c
In base 13, what is -4 - -92?
8b
In base 15, what is -71 - 5?
-76
In base 7, what is -3 + -263?
-266
In base 2, what is -1001011 + 1001?
-1000010
In base 15, what is c - -74?
81
In base 4, what is -2 - -11203?
11201
In base 2, what is -1011000101 + 10?
-1011000011
In base 9, what is 5 + 283?
288
In base 13, what is 1 + -34a?
-349
In base 15, what is 2ae - 1?
2ad
In base 15, what is 58 + -39?
1e
In base 8, what is 66 - -64?
152
In base 7, what is -1 + 1005?
1004
In base 6, what is -200 + 20?
-140
In base 16, what is 2 + -3c0?
-3be
In base 9, what is -13 - -204?
181
In base 2, what is -1110 - -10111?
1001
In base 2, what is 1101 + -101?
1000
In base 14, what is -21 - -10?
-11
In base 10, what is 107 + -49?
58
In base 4, what is -23 + -1013?
-1102
In base 5, what is 4242 + 1?
4243
In base 8, what is 200 + 0?
200
In base 9, what is -7 + 15?
7
In base 11, what is -9 + -44?
-52
In base 7, what is -55 + 5?
-50
In base 9, what is -220 + -5?
-225
In base 2, what is 101 - -100100?
101001
In base 16, what is 2 - -82?
84
In base 5, what is -1242 - 413?
-2210
In base 12, what is -5 + -5ba?
-603
In base 6, what is -2 - 1320?
-1322
In base 15, what is -5 + 48?
43
In base 4, what is 12133 + 0?
12133
In base 13, what is 2 - 78?
-76
In base 16, what is -3 + e8?
e5
In base 6, what is 5 - 414?
-405
In base 7, what is 1453 - 20?
1433
In base 6, what is 4 - 12240?
-12232
In base 8, what is 62723 - 5?
62716
In base 6, what is 110 + 0?
110
In base 10, what is 907 + -4?
903
In base 10, what is 2 + -1194?
-1192
In base 10, what is 5 + -80?
-75
In base 3, what is 1200222200 + 11?
1200222211
In base 6, what is 2 - 110?
-104
In base 9, what is -5 - -51?
45
In base 4, what is 103001 + -1?
103000
In base 11, what is -19 - -10?
-9
In base 6, what is 200 + 10?
210
In base 8, what is -2 + -203?
-205
In base 15, what is -3 + -26?
-29
In base 7, what is 134 + 24?
161
In base 7, what is 0 + -53?
-53
In base 7, what is 1 + 212?
213
In base 16, what is -1db + 0?
-1db
In base 4, what is 1202030 - 1?
1202023
In base 6, what is 33 - -43?
120
In base 8, what is 6 + 1320?
1326
In base 15, what is -8e + -21?
-b0
In base 15, what is -440 + -1?
-441
In base 15, what is -3 + 9e0?
9dc
In base 10, what is -17 - 12?
-29
In base 4, what is 1 - 30300?
-30233
In base 7, what is 61 - 1?
60
In base 9, what is -531 - -1?
-530
In base 16, what is 468 + -4?
464
In base 2, what is -11 - 1001101111?
-1001110010
In base 14, what is 280 + 4?
284
In base 15, what is -417 - -4?
-413
In base 12, what is -8a - -2?
-88
In base 13, what is -620 - 4?
-624
In base 9, what is -3 - 75?
-78
In base 4, what is -2233 + 22?
-2211
In base 7, what is 3 + -6?
-3
In base 7, what is -2230 - 22?
-2252
In base 5, what is -1434 - -12?
-1422
In base 15, what is -c37 + 2?
-c35
In base 2, what is 11011011 - -1?
11011100
In base 12, what is 35 + -387?
-352
In base 16, what is -18b + 0?
-18b
In base 4, what is -21 - -112?
31
In base 7, what is 21 + 5?
26
In base 5, what is 12 + 2000?
2012
In base 7, what is 63 - -3?
66
In base 5, what is -204 + 43?
-111
In base 3, what is -2 - -20122?
20120
In base 12, what is -167 - 4?
-16b
In base 4, what is 102 - -1203?
1311
In base 14, what is 1 + -1389?
-1388
In base 4, what is -121 + -3103?
-3230
In base 7, what 